)/(-106)). Suppose 4*t = -z*k + 21 + 54, -4*t + 3*k = -51. What is the remainder when t is divided by 4?
3
Suppose 0 = -18*z - 362 + 7922. Calculate the remainder when z is divided by 132.
24
What is the remainder when 38/(-8) + (-47)/188 + 1089 is divided by 68?
64
Let i = -49 + 53. Suppose 0 = -i*q - 6*q + 160. Calculate the remainder when q is divided by 6.
4
Suppose 52*b = 57*b + 2*p - 2065, 2*b - 5*p = 797. What is the remainder when b is divided by 20?
11
Suppose n + 3*n - 300 = 0. Let w = -461 + 487. What is the remainder when n is divided by w?
23
Suppose -43*o + 3149 = 15*o + 9*o. What is the remainder when o is divided by (0 - -16) + -2 + -2?
11
Suppose 12 = -3*k, 72 = 3*p - 2*k - 2. Let o = 82 + 15. What is the remainder when o is divided by p?
9
Let o(z) = 61*z**3 - z**2 - 7*z + 11. Let b be o(3). Suppose -q = 2, -3*x - q - q + b = 0. Calculate the remainder when x is divided by 13.
11
Let s = 528 + 46. What is the remainder when s is divided by 24?
22
Suppose -3 = l + 3*q, 5 = -2*l - 39*q + 34*q. Suppose 2*a + 50 = t, 6*a = t - l*a - 34. What is the remainder when 637 is divided by t?
57
Suppose 154 = 3*i + 5*s, 4*i - 220 = 3*s - 6*s. Suppose -2*l + 7*o = 3*o, 0 = 4*o - 12. Suppose -6*q - l = -78. What is the remainder when i is divided by q?
10
Let x be (-1 + 3)*(-6)/12. Let v(t) = 8*t + 3. Let k be v(x). Let p(q) = -q**3 - 5*q**2 - 4*q - 6. Calculate the remainder when 53 is divided by p(k).
11
Let x be (-3)/7 + 1854/63. Suppose -88 = 28*o - x*o. Calculate the remainder when o is divided by 47.
41
Suppose -633 = -5*z - 628, 0 = -5*i + 2*z + 343. What is the remainder when (3 - 5) + 12*40 is divided by i?
64
Calculate the remainder when 2110 is divided by (((-604)/14)/((-344)/1806))/(3/2).
147
Let a = -15 - -35. Suppose -q + 4*h = q + 10, 4*q + a = -5*h. Calculate the remainder when 65 is divided by -4 + (4 - (-22 - q)).
14
Suppose 0 = -6*f + 4*f + 128. Let n = f + -24. Let r = n + -21. Calculate the remainder when r is divided by 6.
1
Let b(j) = 24*j**2 + 215*j - 7. What is the remainder when b(-13) is divided by 73?
13
Let x = -1662 - -1704. Suppose 0 = -2*j - 0 - 2. What is the remainder when (-162)/(1/j) + 3 is divided by x?
39
Suppose 363*v - 5064 = 355*v. Let k = v + -618. Calculate the remainder when 52 is divided by k.
7
Let a(u) = 20*u**2 - 3*u + 1. Let g be a(-3). Suppose 5*y + 10 = g. Suppose 0 = -t + y - 27. What is the remainder when t is divided by 3?
0
What is the remainder when 461 is divided by -9 + -2 + (-234)/(-9)?
11
Let v = -14 + 25. Let b(y) = -153*y + 4620. Calculate the remainder when b(29) is divided by v.
7
Calculate the remainder when 699 is divided by 10/(-55) - 50700/(-429).
109
Let l = -968273 + 968832. Let k = -101 + 195. Calculate the remainder when l is divided by k.
89
Suppose -5*v - 2*p = -644, 20*v = 21*v + 3*p - 134. Calculate the remainder when 418 is divided by v.
34
Let s = 392 - 389. Suppose 0 = -3*q + 5*q + m - 129, -m = s*q - 191. What is the remainder when q is divided by 11?
7
Let z = -466 + 666. Let l = z - 185. Suppose 4*k = -2*n + 66, -3*k = -5*n + 113 + 13. Calculate the remainder when n is divided by l.
12
Let f = 132 + 407. What is the remainder when f is divided by 4 + (-3)/2*168/(-27)*6?
59
Let n(k) = 5*k + 16. Suppose 0 = -7*x + 9*x. Suppose x = -p + 5*p - 640. What is the remainder when p is divided by n(5)?
37
What is the remainder when 2 + (-4)/6 + (-1420)/(-6) + -2 is divided by 67?
35
Let w(y) = -5*y**3 + 30*y**2 + 171*y + 18. Calculate the remainder when w(-5) is divided by 12.
10
Let d(p) = 24*p**2 + 18*p + 22. Calculate the remainder when 697 is divided by d(-1).
25
Suppose 0 = 4*t + 2*p - 66, 0 = 4*t - 5*p - 19 - 26. What is the remainder when 168*6/171 + -11 + (-2532)/(-228) is divided by (18/t)/(6/20)?
2
Let l(o) = 13*o**3 + o**2 - 9*o - 3. Let x(h) = h**2 - 4. Calculate the remainder when l(2) is divided by x(3).
2
Let d = -2 - -24. Suppose z + w - 31 + 12 = 0, -3*w = z - 27. What is the remainder when d is divided by z?
7
Suppose -78*t + 70*t + 176 = 0. Suppose 0*b + 990 = t*b. Let f = 32 + -16. What is the remainder when b is divided by f?
13
Let y(a) be the second derivative of -a**4/12 + 13*a**3/3 + 115*a**2 + 115*a. What is the remainder when 139 is divided by y(32)?
25
Suppose 4*l + 0*l = 15*l - 660. Calculate the remainder when 13858 is divided by l.
58
Suppose -2*u = -u + 1. Let l = -10 - u. Calculate the remainder when (6/l)/((-10)/345) is divided by 6.
5
Let t = -107 + 111. Suppose 28 = -t*l + 44. Calculate the remainder when 11 is divided by l.
3
Calculate the remainder when 5/((-270)/(-196494)) - ((-87)/27 + 3) is divided by 71.
18
Let q = 5948 + -5904. Calculate the remainder when 428 is divided by q.
32
Suppose -96 = -2*v - v. Suppose 179 = 14*j + 53. What is the remainder when v is divided by j?
5
Let x(t) = -t**2 - 2*t + 27. Let g be x(5). Let z = g - -23. What is the remainder when 42 is divided by z?
12
Let p(d) = 11*d**2 + 11*d + 8. Let i be p(-4). Let h = -132 + i. Calculate the remainder when (-75)/(-10) - 6 - (-46)/4 is divided by h.
5
Let y = -417 - -1079. What is the remainder when y is divided by (-57)/2*(-38)/57?
16
Let i = 575 - 545. Let b = -40 - -66. What is the remainder when 4/i + (-1138)/(-15) is divided by b?
24
Suppose 18 = n + 2*q, -23*n = -20*n + 5*q - 49. Suppose -n*h = -38 - 146. Calculate the remainder when 343 is divided by h.
21
Suppose 4*l - 2626 = -6*p, -5*l + 72*p - 67*p + 3345 = 0. What is the remainder when l is divided by 304?
56
Let s(t) = 18*t + 500. Calculate the remainder when 4554 is divided by s(-27).
4
Let s = 309 + -220. Suppose -5*b + 361 = a, b + 0*b - 4*a - s = 0. Calculate the remainder when b is divided by 44.
29
Let u = 6752 + -6711. Calculate the remainder when 1455 is divided by u.
20
Let s = -15050 - -15090. Calculate the remainder when 678 is divided by s.
38
Suppose 5*w - 4*r - r + 25 = 0, -4*w - r = -5. Let t(x) = 11*x**2 + 6*x - 6. Calculate the remainder when (-7)/14*1*(-62 - w) is divided by t(1).
9
Suppose 0 = -4*k + b + 1784 + 2799, -5*k - 2*b = -5719. Calculate the remainder when k is divided by 286.
1
Suppose 13 + 362 = 5*f. Suppose 2*c = -r + 9, 4*c + f = 4*r - 21. Suppose 0 = 5*n - 36 - 144. Calculate the remainder when n is divided by r.
17
Suppose -5*f - 15 = 0, -4*u + 24 + 51 = -5*f. Suppose -19*r + 20*r = 0. Suppose -17*o + 346 + 113 = r. What is the remainder when o is divided by u?
12
Calculate the remainder when 260/585*4707/2 is divided by 73.
24
Suppose -5*c + 757 = -k + 5925, -4*k + 20822 = 5*c. Calculate the remainder when k is divided by 26.
24
Let y = 38092 + -37820. What is the remainder when y is divided by 6?
2
Suppose 53793 = 60*v - 8127. What is the remainder when v is divided by 14?
10
Suppose -4*c + 2*j + 14 = 0, 0 = -5*c + 4*j - 7*j + 34. Suppose 0 = 3*h - z + 1, -20 = -4*h - 4*z. What is the remainder when 5*(-1 + h - -1) is divided by c?
0
Calculate the remainder when ((-71044)/(-6) - (-5)/15)/(6/2) is divided by 141.
140
Suppose -5*s - 520 = -3*v, -6*s + 2*s - 416 = -2*v. Let h = -95 - s. Suppose -2*m = -h*m + 574. What is the remainder when m is divided by 6?
4
Suppose 91 = 5*j - 54. What is the remainder when (-2*(-255)/25)/((-4)/(-20)) is divided by j?
15
Let v = -3624 - -3794. What is the remainder when v is divided by 130?
40
Let x be 3542/184 - (-6)/8. Suppose 15*w + 2935 = x*w. What is the remainder when w is divided by 59?
56
Let x = 3029 + -2972. What is the remainder when 232 is divided by x?
4
Let z = 54 - 56. Let c be ((-5)/15)/((8/12)/z). Calculate the remainder when c*(30/5 - -5) is divided by 2.
1
Let a be (-2)/((2 - 7) + 4). Suppose -7*v + 9*v = 3*s - 22, 2 = -2*s - a*v. What is the remainder when 81 is divided by s?
1
Suppose 4*d + 24 = -2*q - 0*d, -2*q - 3*d = 20. Let a(j) = j**3 + 7*j**2 - j - 2. What is the remainder when a(-3) is divided by (-96)/(-80)*((-300)/9)/q?
7
Suppose -w + 3*k - 4 = 0, 4*w + 3*k - 745 + 671 = 0. What is the remainder when 371 is divided by w?
7
Suppose -c + d + 30 = 0, -d + 0*d = 4*c - 100. Let i = 96 - -67. Let y = i - 62. What is the remainder when y is divided by c?
23
Suppose 26 = 23*h - 21*h. Let n = h - 23. Calculate the remainder when 222/30 - 7 - 1656/n is divided by 21.
19
Let b = 440 + -279. Let o = -370 - 